{"id":162,"date":"2025-01-29T22:26:33","date_gmt":"2025-01-29T19:26:33","guid":{"rendered":"https:\/\/destechsunucu.com\/kentiahotel\/?page_id=162"},"modified":"2025-01-29T22:40:11","modified_gmt":"2025-01-29T19:40:11","slug":"hakkimizda","status":"publish","type":"page","link":"https:\/\/destechsunucu.com\/kentiahotel\/hakkimizda\/","title":{"rendered":"Hakk\u0131m\u0131zda"},"content":{"rendered":"\t\t<div data-elementor-type=\"wp-page\" data-elementor-id=\"162\" class=\"elementor elementor-162\" data-elementor-post-type=\"page\">\n\t\t\t\t<div class=\"elementor-element elementor-element-12716db8 e-flex e-con-boxed e-con e-parent\" data-id=\"12716db8\" data-element_type=\"container\" data-settings=\"{&quot;background_background&quot;:&quot;classic&quot;}\">\n\t\t\t\t\t<div class=\"e-con-inner\">\n\t\t<div class=\"elementor-element elementor-element-61e9d49f e-con-full e-flex e-con e-child\" data-id=\"61e9d49f\" data-element_type=\"container\">\n\t\t\t\t<div class=\"elementor-element elementor-element-7e7014b6 elementor-widget elementor-widget-heading\" data-id=\"7e7014b6\" data-element_type=\"widget\" data-widget_type=\"heading.default\">\n\t\t\t\t<div class=\"elementor-widget-container\">\n\t\t\t\t\t<h1 class=\"elementor-heading-title elementor-size-default\">Hakk\u0131m\u0131zda<\/h1>\t\t\t\t<\/div>\n\t\t\t\t<\/div>\n\t\t\t\t<div class=\"elementor-element elementor-element-21c564d0 elementor-icon-list--layout-inline elementor-list-item-link-full_width elementor-widget elementor-widget-icon-list\" data-id=\"21c564d0\" data-element_type=\"widget\" data-widget_type=\"icon-list.default\">\n\t\t\t\t<div class=\"elementor-widget-container\">\n\t\t\t\t\t\t\t<ul class=\"elementor-icon-list-items elementor-inline-items\">\n\t\t\t\t\t\t\t<li class=\"elementor-icon-list-item elementor-inline-item\">\n\t\t\t\t\t\t\t\t\t\t\t<a href=\"#\">\n\n\t\t\t\t\t\t\t\t\t\t\t<span class=\"elementor-icon-list-text\">Ana Sayfa<\/span>\n\t\t\t\t\t\t\t\t\t\t\t<\/a>\n\t\t\t\t\t\t\t\t\t<\/li>\n\t\t\t\t\t\t\t\t<li class=\"elementor-icon-list-item elementor-inline-item\">\n\t\t\t\t\t\t\t\t\t\t\t<a href=\"#\">\n\n\t\t\t\t\t\t\t\t\t\t\t\t<span class=\"elementor-icon-list-icon\">\n\t\t\t\t\t\t\t<i aria-hidden=\"true\" class=\"icon icon-right-arrow\"><\/i>\t\t\t\t\t\t<\/span>\n\t\t\t\t\t\t\t\t\t\t<span class=\"elementor-icon-list-text\">Kentia Hotel Hakk\u0131nda<\/span>\n\t\t\t\t\t\t\t\t\t\t\t<\/a>\n\t\t\t\t\t\t\t\t\t<\/li>\n\t\t\t\t\t\t<\/ul>\n\t\t\t\t\t\t<\/div>\n\t\t\t\t<\/div>\n\t\t\t\t<\/div>\n\t\t\t\t\t<\/div>\n\t\t\t\t<\/div>\n\t\t<div class=\"elementor-element elementor-element-1b482453 e-flex e-con-boxed e-con e-parent\" data-id=\"1b482453\" data-element_type=\"container\">\n\t\t\t\t\t<div class=\"e-con-inner\">\n\t\t<div class=\"elementor-element elementor-element-160e33b3 e-con-full e-flex e-con e-child\" data-id=\"160e33b3\" data-element_type=\"container\">\n\t\t\t\t<div class=\"elementor-element elementor-element-6f2239a3 elementor-view-framed elementor-shape-circle elementor-widget elementor-widget-icon\" data-id=\"6f2239a3\" data-element_type=\"widget\" data-widget_type=\"icon.default\">\n\t\t\t\t<div class=\"elementor-widget-container\">\n\t\t\t\t\t\t\t<div class=\"elementor-icon-wrapper\">\n\t\t\t<div class=\"elementor-icon\">\n\t\t\t<i aria-hidden=\"true\" class=\"icon icon-star2\"><\/i>\t\t\t<\/div>\n\t\t<\/div>\n\t\t\t\t\t\t<\/div>\n\t\t\t\t<\/div>\n\t\t\t\t<div class=\"elementor-element elementor-element-1df6cfe8 elementor-widget elementor-widget-heading\" data-id=\"1df6cfe8\" data-element_type=\"widget\" data-widget_type=\"heading.default\">\n\t\t\t\t<div class=\"elementor-widget-container\">\n\t\t\t\t\t<h6 class=\"elementor-heading-title elementor-size-default\">Kentia Hotel Hakk\u0131nda<\/h6>\t\t\t\t<\/div>\n\t\t\t\t<\/div>\n\t\t\t\t<div class=\"elementor-element elementor-element-186ba685 elementor-invisible elementor-widget elementor-widget-heading\" data-id=\"186ba685\" data-element_type=\"widget\" data-settings=\"{&quot;_animation&quot;:&quot;fadeInUp&quot;}\" data-widget_type=\"heading.default\">\n\t\t\t\t<div class=\"elementor-widget-container\">\n\t\t\t\t\t<h2 class=\"elementor-heading-title elementor-size-default\">Tarihin ve Do\u011fan\u0131n Bulu\u015ftu\u011fu Yerde Konforlu Bir Tatil<\/h2>\t\t\t\t<\/div>\n\t\t\t\t<\/div>\n\t\t\t\t<div class=\"elementor-element elementor-element-4c09e7d0 elementor-widget elementor-widget-spacer\" data-id=\"4c09e7d0\" data-element_type=\"widget\" data-widget_type=\"spacer.default\">\n\t\t\t\t<div class=\"elementor-widget-container\">\n\t\t\t\t\t\t\t<div class=\"elementor-spacer\">\n\t\t\t<div class=\"elementor-spacer-inner\"><\/div>\n\t\t<\/div>\n\t\t\t\t\t\t<\/div>\n\t\t\t\t<\/div>\n\t\t\t\t<\/div>\n\t\t<div class=\"elementor-element elementor-element-732a40b9 e-con-full e-flex e-con e-child\" data-id=\"732a40b9\" data-element_type=\"container\">\n\t\t<div class=\"elementor-element elementor-element-1e050562 e-con-full e-flex e-con e-child\" data-id=\"1e050562\" data-element_type=\"container\">\n\t\t\t\t<div class=\"elementor-element elementor-element-41ad956b elementor-widget elementor-widget-image\" data-id=\"41ad956b\" data-element_type=\"widget\" data-widget_type=\"image.default\">\n\t\t\t\t<div class=\"elementor-widget-container\">\n\t\t\t\t\t\t\t\t\t\t\t\t\t\t\t<img fetchpriority=\"high\" decoding=\"async\" width=\"800\" height=\"534\" src=\"https:\/\/destechsunucu.com\/kentiahotel\/wp-content\/uploads\/2025\/01\/Adsiz-tasarim-45-1024x683.jpg\" class=\"attachment-large size-large wp-image-69\" alt=\"\" srcset=\"https:\/\/destechsunucu.com\/kentiahotel\/wp-content\/uploads\/2025\/01\/Adsiz-tasarim-45-1024x683.jpg 1024w, https:\/\/destechsunucu.com\/kentiahotel\/wp-content\/uploads\/2025\/01\/Adsiz-tasarim-45-300x200.jpg 300w, https:\/\/destechsunucu.com\/kentiahotel\/wp-content\/uploads\/2025\/01\/Adsiz-tasarim-45-768x512.jpg 768w, https:\/\/destechsunucu.com\/kentiahotel\/wp-content\/uploads\/2025\/01\/Adsiz-tasarim-45-1536x1024.jpg 1536w, https:\/\/destechsunucu.com\/kentiahotel\/wp-content\/uploads\/2025\/01\/Adsiz-tasarim-45-1568x1045.jpg 1568w, https:\/\/destechsunucu.com\/kentiahotel\/wp-content\/uploads\/2025\/01\/Adsiz-tasarim-45.jpg 1920w\" sizes=\"(max-width: 800px) 100vw, 800px\" \/>\t\t\t\t\t\t\t\t\t\t\t\t\t\t\t<\/div>\n\t\t\t\t<\/div>\n\t\t\t\t<\/div>\n\t\t<div class=\"elementor-element elementor-element-6a705acf e-con-full e-flex e-con e-child\" data-id=\"6a705acf\" data-element_type=\"container\">\n\t\t\t\t<div class=\"elementor-element elementor-element-54a29c68 elementor-widget elementor-widget-text-editor\" data-id=\"54a29c68\" data-element_type=\"widget\" data-widget_type=\"text-editor.default\">\n\t\t\t\t<div class=\"elementor-widget-container\">\n\t\t\t\t\t\t\t\t\t<p>1999 y\u0131l\u0131ndan beri misafirlerimize unutulmaz bir tatil deneyimi sunan Kentia Apartments, Side\u2019nin tarihi dokusu ve do\u011fal g\u00fczellikleriyle i\u00e7 i\u00e7e bir konumda yer almaktad\u0131r. Modern tasar\u0131ma sahip konforlu odalar\u0131m\u0131z, yemye\u015fil bah\u00e7emiz, y\u00fczme havuzumuz ve zengin olanaklar\u0131m\u0131zla huzuru ve e\u011flenceyi bir araya getiriyoruz.<\/p>\t\t\t\t\t\t\t\t<\/div>\n\t\t\t\t<\/div>\n\t\t<div class=\"elementor-element elementor-element-2e382e45 e-con-full e-flex e-con e-child\" data-id=\"2e382e45\" data-element_type=\"container\">\n\t\t\t\t<div class=\"elementor-element elementor-element-24f65fae animated-fast elementor-invisible elementor-widget elementor-widget-text-editor\" data-id=\"24f65fae\" data-element_type=\"widget\" data-settings=\"{&quot;_animation&quot;:&quot;fadeInRight&quot;}\" data-widget_type=\"text-editor.default\">\n\t\t\t\t<div class=\"elementor-widget-container\">\n\t\t\t\t\t\t\t\t\t<p>G\u00fcler y\u00fczl\u00fc hizmet anlay\u0131\u015f\u0131m\u0131zla, misafirlerimize kendilerini evlerinde hissettirmek en b\u00fcy\u00fck \u00f6nceli\u011fimiz. E\u015fsiz Side atmosferinde tatilinizi planlamak i\u00e7in sizleri Kentia Apartments\u2019a bekliyoruz!<\/p>\t\t\t\t\t\t\t\t<\/div>\n\t\t\t\t<\/div>\n\t\t\t\t<\/div>\n\t\t\t\t<\/div>\n\t\t\t\t<\/div>\n\t\t\t\t<div class=\"elementor-element elementor-element-aacc428 elementor-widget elementor-widget-spacer\" data-id=\"aacc428\" data-element_type=\"widget\" data-widget_type=\"spacer.default\">\n\t\t\t\t<div class=\"elementor-widget-container\">\n\t\t\t\t\t\t\t<div class=\"elementor-spacer\">\n\t\t\t<div class=\"elementor-spacer-inner\"><\/div>\n\t\t<\/div>\n\t\t\t\t\t\t<\/div>\n\t\t\t\t<\/div>\n\t\t<div class=\"elementor-element elementor-element-6c535861 e-con-full e-flex e-con e-child\" data-id=\"6c535861\" data-element_type=\"container\">\n\t\t<div class=\"elementor-element elementor-element-5cacefb9 e-con-full e-flex e-con e-child\" data-id=\"5cacefb9\" data-element_type=\"container\">\n\t\t\t\t<div class=\"elementor-element elementor-element-66a87a3b elementor-widget elementor-widget-heading\" data-id=\"66a87a3b\" data-element_type=\"widget\" data-widget_type=\"heading.default\">\n\t\t\t\t<div class=\"elementor-widget-container\">\n\t\t\t\t\t<h3 class=\"elementor-heading-title elementor-size-default\">De\u011ferlerimiz<\/h3>\t\t\t\t<\/div>\n\t\t\t\t<\/div>\n\t\t\t\t<div class=\"elementor-element elementor-element-7568ce0a elementor-widget elementor-widget-text-editor\" data-id=\"7568ce0a\" data-element_type=\"widget\" data-widget_type=\"text-editor.default\">\n\t\t\t\t<div class=\"elementor-widget-container\">\n\t\t\t\t\t\t\t\t\t<p>Kentia Apartments olarak misafirlerimize yaln\u0131zca konforlu bir konaklama de\u011fil, ayn\u0131 zamanda g\u00fcven, kalite ve samimiyetle \u015fekillenen \u00f6zel bir deneyim sunmay\u0131 hedefliyoruz. Hizmet anlay\u0131\u015f\u0131m\u0131z\u0131n temelinde, her konu\u011fumuzun kendini ayr\u0131cal\u0131kl\u0131 hissetmesi ve unutulmaz an\u0131lar biriktirmesi yer al\u0131yor. \u0130\u015fte bizi biz yapan ve y\u0131llard\u0131r vazge\u00e7ilmez k\u0131lan de\u011ferlerimiz:<\/p>\t\t\t\t\t\t\t\t<\/div>\n\t\t\t\t<\/div>\n\t\t<div class=\"elementor-element elementor-element-f014fbd e-con-full e-flex e-con e-child\" data-id=\"f014fbd\" data-element_type=\"container\">\n\t\t\t\t<div class=\"elementor-element elementor-element-5affe346 elementor-position-left elementor-vertical-align-middle elementor-mobile-position-left elementor-view-default elementor-widget elementor-widget-icon-box\" data-id=\"5affe346\" data-element_type=\"widget\" data-widget_type=\"icon-box.default\">\n\t\t\t\t<div class=\"elementor-widget-container\">\n\t\t\t\t\t\t\t<div class=\"elementor-icon-box-wrapper\">\n\n\t\t\t\t\t\t<div class=\"elementor-icon-box-icon\">\n\t\t\t\t<span  class=\"elementor-icon\">\n\t\t\t\t<i aria-hidden=\"true\" class=\"icon icon-badge\"><\/i>\t\t\t\t<\/span>\n\t\t\t<\/div>\n\t\t\t\n\t\t\t\t\t\t<div class=\"elementor-icon-box-content\">\n\n\t\t\t\t\t\t\t\t\t<h4 class=\"elementor-icon-box-title\">\n\t\t\t\t\t\t<span  >\n\t\t\t\t\t\t\tOla\u011fan\u00fcst\u00fc Hizmet\t\t\t\t\t\t<\/span>\n\t\t\t\t\t<\/h4>\n\t\t\t\t\n\t\t\t\t\n\t\t\t<\/div>\n\t\t\t\n\t\t<\/div>\n\t\t\t\t\t\t<\/div>\n\t\t\t\t<\/div>\n\t\t\t\t<div class=\"elementor-element elementor-element-7285d8c2 elementor-widget elementor-widget-text-editor\" data-id=\"7285d8c2\" data-element_type=\"widget\" data-widget_type=\"text-editor.default\">\n\t\t\t\t<div class=\"elementor-widget-container\">\n\t\t\t\t\t\t\t\t\t<p>Misafir memnuniyetini her \u015feyin \u00f6n\u00fcnde tutuyor, s\u0131cak ve samimi hizmet anlay\u0131\u015f\u0131m\u0131zla unutulmaz bir konaklama deneyimi sunuyoruz.<\/p>\t\t\t\t\t\t\t\t<\/div>\n\t\t\t\t<\/div>\n\t\t\t\t<\/div>\n\t\t<div class=\"elementor-element elementor-element-41f5f7b9 e-con-full e-flex e-con e-child\" data-id=\"41f5f7b9\" data-element_type=\"container\">\n\t\t\t\t<div class=\"elementor-element elementor-element-63227f37 elementor-position-left elementor-vertical-align-middle elementor-mobile-position-left elementor-view-default elementor-widget elementor-widget-icon-box\" data-id=\"63227f37\" data-element_type=\"widget\" data-widget_type=\"icon-box.default\">\n\t\t\t\t<div class=\"elementor-widget-container\">\n\t\t\t\t\t\t\t<div class=\"elementor-icon-box-wrapper\">\n\n\t\t\t\t\t\t<div class=\"elementor-icon-box-icon\">\n\t\t\t\t<span  class=\"elementor-icon\">\n\t\t\t\t<i aria-hidden=\"true\" class=\"jki jki-bed-solid\"><\/i>\t\t\t\t<\/span>\n\t\t\t<\/div>\n\t\t\t\n\t\t\t\t\t\t<div class=\"elementor-icon-box-content\">\n\n\t\t\t\t\t\t\t\t\t<h4 class=\"elementor-icon-box-title\">\n\t\t\t\t\t\t<span  >\n\t\t\t\t\t\t\t\u00d6d\u00fcn Vermeyen Kalite\t\t\t\t\t\t<\/span>\n\t\t\t\t\t<\/h4>\n\t\t\t\t\n\t\t\t\t\n\t\t\t<\/div>\n\t\t\t\n\t\t<\/div>\n\t\t\t\t\t\t<\/div>\n\t\t\t\t<\/div>\n\t\t\t\t<div class=\"elementor-element elementor-element-45292e47 elementor-widget elementor-widget-text-editor\" data-id=\"45292e47\" data-element_type=\"widget\" data-widget_type=\"text-editor.default\">\n\t\t\t\t<div class=\"elementor-widget-container\">\n\t\t\t\t\t\t\t\t\t<p>Konforunuz i\u00e7in her detay\u0131 \u00f6zenle d\u00fc\u015f\u00fcn\u00fcyor, odalar\u0131m\u0131zdan restoran\u0131m\u0131za kadar y\u00fcksek standartlar\u0131m\u0131zdan asla taviz vermiyoruz.<\/p>\t\t\t\t\t\t\t\t<\/div>\n\t\t\t\t<\/div>\n\t\t\t\t<\/div>\n\t\t<div class=\"elementor-element elementor-element-1ffc0a31 e-con-full e-flex e-con e-child\" data-id=\"1ffc0a31\" data-element_type=\"container\">\n\t\t\t\t<div class=\"elementor-element elementor-element-713003f2 elementor-position-left elementor-vertical-align-middle elementor-mobile-position-left elementor-view-default elementor-widget elementor-widget-icon-box\" data-id=\"713003f2\" data-element_type=\"widget\" data-widget_type=\"icon-box.default\">\n\t\t\t\t<div class=\"elementor-widget-container\">\n\t\t\t\t\t\t\t<div class=\"elementor-icon-box-wrapper\">\n\n\t\t\t\t\t\t<div class=\"elementor-icon-box-icon\">\n\t\t\t\t<span  class=\"elementor-icon\">\n\t\t\t\t<i aria-hidden=\"true\" class=\"jki jki-handshake-light\"><\/i>\t\t\t\t<\/span>\n\t\t\t<\/div>\n\t\t\t\n\t\t\t\t\t\t<div class=\"elementor-icon-box-content\">\n\n\t\t\t\t\t\t\t\t\t<h4 class=\"elementor-icon-box-title\">\n\t\t\t\t\t\t<span  >\n\t\t\t\t\t\t\tD\u00fcr\u00fcstl\u00fck ve G\u00fcven\t\t\t\t\t\t<\/span>\n\t\t\t\t\t<\/h4>\n\t\t\t\t\n\t\t\t\t\n\t\t\t<\/div>\n\t\t\t\n\t\t<\/div>\n\t\t\t\t\t\t<\/div>\n\t\t\t\t<\/div>\n\t\t\t\t<div class=\"elementor-element elementor-element-2365a9c8 elementor-widget elementor-widget-text-editor\" data-id=\"2365a9c8\" data-element_type=\"widget\" data-widget_type=\"text-editor.default\">\n\t\t\t\t<div class=\"elementor-widget-container\">\n\t\t\t\t\t\t\t\t\t<p>\u015eeffaf hizmet anlay\u0131\u015f\u0131m\u0131z ve g\u00fcvenilir ekibimizle misafirlerimizin huzur i\u00e7inde konaklamas\u0131n\u0131 sa\u011fl\u0131yoruz. Bizim i\u00e7in en b\u00fcy\u00fck de\u011fer, sizin g\u00fcveninizdir.<\/p>\t\t\t\t\t\t\t\t<\/div>\n\t\t\t\t<\/div>\n\t\t\t\t<\/div>\n\t\t\t\t<\/div>\n\t\t<div class=\"elementor-element elementor-element-439f6922 e-con-full e-flex e-con e-child\" data-id=\"439f6922\" data-element_type=\"container\">\n\t\t\t\t<div class=\"elementor-element elementor-element-45a9a43f elementor-widget elementor-widget-image\" data-id=\"45a9a43f\" data-element_type=\"widget\" data-widget_type=\"image.default\">\n\t\t\t\t<div class=\"elementor-widget-container\">\n\t\t\t\t\t\t\t\t\t\t\t\t\t\t\t<img decoding=\"async\" width=\"800\" height=\"534\" src=\"https:\/\/destechsunucu.com\/kentiahotel\/wp-content\/uploads\/2025\/01\/Adsiz-tasarim-47-1024x683.jpg\" class=\"attachment-large size-large wp-image-72\" alt=\"\" srcset=\"https:\/\/destechsunucu.com\/kentiahotel\/wp-content\/uploads\/2025\/01\/Adsiz-tasarim-47-1024x683.jpg 1024w, https:\/\/destechsunucu.com\/kentiahotel\/wp-content\/uploads\/2025\/01\/Adsiz-tasarim-47-300x200.jpg 300w, https:\/\/destechsunucu.com\/kentiahotel\/wp-content\/uploads\/2025\/01\/Adsiz-tasarim-47-768x512.jpg 768w, https:\/\/destechsunucu.com\/kentiahotel\/wp-content\/uploads\/2025\/01\/Adsiz-tasarim-47-1536x1024.jpg 1536w, https:\/\/destechsunucu.com\/kentiahotel\/wp-content\/uploads\/2025\/01\/Adsiz-tasarim-47-1568x1045.jpg 1568w, https:\/\/destechsunucu.com\/kentiahotel\/wp-content\/uploads\/2025\/01\/Adsiz-tasarim-47.jpg 1920w\" sizes=\"(max-width: 800px) 100vw, 800px\" \/>\t\t\t\t\t\t\t\t\t\t\t\t\t\t\t<\/div>\n\t\t\t\t<\/div>\n\t\t\t\t<\/div>\n\t\t\t\t<\/div>\n\t\t\t\t\t<\/div>\n\t\t\t\t<\/div>\n\t\t\t\t<\/div>\n\t\t","protected":false},"excerpt":{"rendered":"<p>Hakk\u0131m\u0131zda Ana Sayfa Kentia Hotel Hakk\u0131nda Kentia Hotel Hakk\u0131nda Tarihin ve Do\u011fan\u0131n Bulu\u015ftu\u011fu Yerde Konforlu Bir Tatil 1999 y\u0131l\u0131ndan beri misafirlerimize unutulmaz bir tatil deneyimi sunan Kentia Apartments, Side\u2019nin tarihi dokusu ve do\u011fal g\u00fczellikleriyle i\u00e7 i\u00e7e bir konumda yer almaktad\u0131r. Modern tasar\u0131ma sahip konforlu odalar\u0131m\u0131z, yemye\u015fil bah\u00e7emiz, y\u00fczme havuzumuz ve zengin olanaklar\u0131m\u0131zla huzuru ve e\u011flenceyi [&hellip;]<\/p>\n","protected":false},"author":1,"featured_media":0,"parent":0,"menu_order":0,"comment_status":"closed","ping_status":"closed","template":"elementor_header_footer","meta":{"footnotes":""},"class_list":["post-162","page","type-page","status-publish","hentry"],"_links":{"self":[{"href":"https:\/\/destechsunucu.com\/kentiahotel\/wp-json\/wp\/v2\/pages\/162","targetHints":{"allow":["GET"]}}],"collection":[{"href":"https:\/\/destechsunucu.com\/kentiahotel\/wp-json\/wp\/v2\/pages"}],"about":[{"href":"https:\/\/destechsunucu.com\/kentiahotel\/wp-json\/wp\/v2\/types\/page"}],"author":[{"embeddable":true,"href":"https:\/\/destechsunucu.com\/kentiahotel\/wp-json\/wp\/v2\/users\/1"}],"replies":[{"embeddable":true,"href":"https:\/\/destechsunucu.com\/kentiahotel\/wp-json\/wp\/v2\/comments?post=162"}],"version-history":[{"count":13,"href":"https:\/\/destechsunucu.com\/kentiahotel\/wp-json\/wp\/v2\/pages\/162\/revisions"}],"predecessor-version":[{"id":186,"href":"https:\/\/destechsunucu.com\/kentiahotel\/wp-json\/wp\/v2\/pages\/162\/revisions\/186"}],"wp:attachment":[{"href":"https:\/\/destechsunucu.com\/kentiahotel\/wp-json\/wp\/v2\/media?parent=162"}],"curies":[{"name":"wp","href":"https:\/\/api.w.org\/{rel}","templated":true}]}}